ert 11111001110011100011 (base 2) to base 16.
f9ce3
Convert -1210321001 (base 4) to base 11.
-262531
Convert 5850680 (base 10) to base 5.
2444210210
What is -202321 (base 13) in base 10?
-747514
What is 10231124 (base 5) in base 9?
141475
What is -11110001201 (base 3) in base 11?
-5a83a
Convert -3601775 (base 9) to base 15.
-287b8b
Convert -1367456 (base 8) to base 4.
-1132330232
-791584 (base 10) to base 12
-322114
Convert -2b7184 (base 12) to base 10.
-738100
Convert 445613 (base 11) to base 14.
146b3d
Convert 30190a (base 15) to base 4.
20231200033
-4232437 (base 9) to base 8
-10510421
What is -312828 (base 9) in base 11?
-117696
What is -256c3b (base 13) in base 12?
-375263
Convert -70472 (base 13) to base 12.
-98188
Convert 76ee3 (base 15) to base 5.
44043423
Convert 3663341 (base 9) to base 6.
110355014
Convert 122044444 (base 5) to base 11.
367779
-2417085 (base 9) to base 12
-5326ab
Convert 3015052 (base 6) to base 11.
97a73
What is -436314 (base 10) in base 8?
-1524132
What is -8145421 (base 9) in base 8?
-20436111
Convert 138804 (base 9) to base 16.
14ce0
What is 101423143 (base 6) in base 2?
110101101110110100111
What is 13611358 (base 9) in base 10?
6739172
What is 10111101011101000011 (base 2) in base 9?
1412425
-1770e3 (base 16) to base 9
-2801268
Convert -86076 (base 9) to base 16.
-de63
What is -1001001111011110 (base 2) in base 10?
-37854
What is 75703 (base 9) in base 6?
1024050
-57a531 (base 11) to base 4
-3201001123
Convert -12a27 (base 11) to base 7.
-105026
What is 214a64 (base 16) in base 15?
2d168c
Convert -10607c (base 14) to base 2.
-10000111010110011110
What is -22b70b (base 13) in base 7?
-10004310
What is -107542 (base 9) in base 5?
-4031340
-174952 (base 12) to base 14
-a6846
4341545 (base 6) to base 7
1555313
Convert c7b1 (base 13) to base 6.
332111
Convert 258080 (base 9) to base 12.
768b3
What is 2751347 (base 9) in base 16?
170a9d
3901b1 (base 14) to base 16
1de68f
-424a1 (base 14) to base 5
-20110302
What is 1b2b47 (base 15) in base 11?
825999
Convert 1638a4 (base 11) to base 13.
8b7a4
What is -33245340 (base 6) in base 16?
-f48fc
Convert -131a54 (base 13) to base 3.
-212102021120
What is 41405015 (base 6) in base 8?
4445003
What is 111120002212012 (base 3) in base 10?
7206062
ab2a4 (base 12) to base 4
313113130
20020002111 (base 3) to base 6
2343151
What is 81d76 (base 16) in base 9?
1000472
Convert 340217 (base 9) to base 7.
1505332
101111000011010011 (base 2) to base 9
323326
What is 12582b (base 16) in base 15?
18b32e
What is -774037 (base 14) in base 13?
-ab8022
a351a (base 11) to base 15
2eb39
Convert 101011212200 (base 3) to base 11.
127609
1121110222210 (base 3) to base 16
d0f20
-1000001100000 (base 2) to base 9
-5667
Convert -313210122 (base 4) to base 9.
-376200
What is -6507675 (base 8) in base 15?
-245b8d
Convert -6b3488 (base 14) to base 10.
-3658656
756a2 (base 11) to base 2
11010110110011100
What is 10000010011010010000001 (base 2) in base 15?
596256
What is -1021220120110 (base 3) in base 15?
-d88e0
Convert -739058 (base 11) to base 3.
-2020010012202
3736525 (base 10) to base 14
6d39c9
Convert 1045401314 (base 6) to base 13.
24b4256
32434403 (base 5) to base 9
466821
-2ad7d (base 15) to base 4
-201230323
Convert 3089 (base 15) to base 16.
280e
Convert 80060 (base 9) to base 10.
52542
Convert 12c36d (base 16) to base 7.
13311031
What is -20102211100110 (base 3) in base 9?
-6384313
What is -11d683 (base 14) in base 11?
-389788
What is -142070 (base 9) in base 10?
-86814
What is -45154120 (base 6) in base 12?
-55b940
Convert 147286 (base 9) to base 5.
10400021
What is 3203323130 (base 4) in base 6?
32002112
Convert 120123 (base 12) to base 15.
5b100
What is 4515303 (base 7) in base 15?
b08ec
-2a21e4 (base 15) to base 9
-3736567
Convert -110212010020 (base 3) to base 15.
-4eea0
What is -30195 (base 14) in base 11?
-79919
Convert -61c887 (base 14) to base 5.
-1321044400
-1689b28 (base 14) to base 6
-1033413452
What is 3664124 (base 7) in base 5?
110012014
b8a3bb (base 14) to base 16
5f6441
Convert -3191b (base 14) to base 11.
-81aa2
What is 11010434 (base 5) in base 8?
270436
Convert 2021552 (base 7) to base 9.
406182
Convert 7cb96 (base 16) to base 2.
1111100101110010110
-111001011101000001110 (base 2) to base 10
-1882638
What is 311465 (base 14) in base 10?
1655505
114344423 (base 5) to base 4
2010233322
101110001001100001 (base 2) to base 12
91481
25616e (base 15) to base 16
1b59c6
-301435566 (base 7) to base 10
-17488491
-5219128 (base 10) to base 8
-23721470
What is 44ca (base 16) in base 13?
8028
Convert 161979 (base 11) to base 14.
67895
22212202122 (base 3) to base 4
222223010
Convert -3a501e (base 15) to base 16.
-2abe7f
Convert 2512bb3 (base 13) to base 5.
10423420133
Convert -18c3093 (base 13) to base 11.
-4664727
-84a8a (base 12) to base 6
-3423054
-3a4812 (base 11) to base 2
-10011011001111011100
2110021212 (base 3) to base 6
1011422
What is -2025 (base 6) in base 15?
-1ee
Convert -2102211111102 (base 3) to base 12.
-525a6b
-22321332032 (base 4) to base 11
-1682a25
Convert 1142053111 (base 6) to base 2.
110001100000010110000011
What is 1313000211 (base 4) in base 16?
77025
What is -c65202 (base 13) in base 9?
-8648373
What is 238841 (base 10) in base 12?
b6275
What is 224050043 (base 6) in base 15?
563690
What is -2065404 (base 7) in base 4?
-331123203
-1dfa74 (base 16) to base 11
-1122095
What is 2207753 (base 9) in base 4?
10201232022
-1222881 (base 12) to base 4
-31131301201
Convert -2515012 (base 6) to base 2.
-100000110110110000
-1110511125 (base 6) to base 7
-204441635
Convert b66a25 (base 13) to base 7.
51204262
What is -7224ba (base 12) in base 4?
-12310121032
Convert -1d834 (base 16) to base 3.
-20010211012
What is -20111221112 (base 3) in base 2?
-11111010100001000
What is -67337 (base 13) in base 3?
-100111220222
Convert 14b63 (base 12) to base 14.
a975
What is -61880 (base 10) in base 13?
-22220
1134341 (base 6) to base 7
334636
Convert 23344410 (base 5) to base 11.
137a95
Convert -10000001100011101000 (base 2) to base 11.
-332772
What is 1010111001110010100 (base 2) in base 10?
357268
What is 7348773 (base 10) in base 15?
9a2633
What is -222123122 (base 4) in base 10?
-173786
1210222 (base 3) to base 2
10100101010
What is 2cc89 (base 15) in base 2?
100011010011000011
10551 (base 15) to base 11
35a35
-31267 (base 14) to base 8
-347313
What is -6162331 (base 9) in base 16?
-322ed6
1170c99 (base 13) to base 5
2340301213
What is 3032320 (base 4) in base 2?
11001110111000
Convert -498c8 (base 16) to base 9.
-508218
What is 387669 (base 10) in base 6?
12150433
What is -1001010110100110011001 (base 2) in base 9?
-4546284
-54407 (base 9) to base 6
-434524
What is -1b5565 (base 12) in base 5?
-111030430
What is 1913a07 (base 12) in base 4?
110002123213
Convert -43b8b0 (base 13) to base 11.
-9a053a
Convert -8a61188 (base 11) to base 14.
-2172584
What is 1213231010 (base 4) in base 8?
1475504
2361954 (base 12) to base 14
ca2c5a
What is 76415 (base 9) in base 4?
30113033
-1623450 (base 8) to base 14
-c2ba0
Convert 3267752 (base 8) to base 9.
1581874
Convert 43831 (base 12) to base 8.
256345
What is 304204411 (base 5) in base 12?
4ba37b
Convert 2795a2 (base 11) to base 14.
b5509
1000255 (base 6) to base 8
133253
What is -5430687 (base 9) in base 13?
-7b026b
What is -347a808 (base 12) in base 16?
-9a5f08
Convert 27f92 (base 16) to base 8.
477622
What is -2456150 (base 7) in base 14?
-83597
Convert 1695314 (base 14) to base 13.
23c2b53
Convert 325651 (base 11) to base 14.
d765a
-5250113 (base 6) to base 9
-428250
What is 606821 (base 12) in base 9?
2742747
What is 110101111111011110 (base 2) in base 13?
79877
Convert 33233144 (base 5) to base 7.
2314616
Convert -10000101100001100100000 (base 2) to base 3.
-22020021211012
What is -202310 (base 7) in base 10?
-34454
Convert 20523121 (base 6) to base 11.
381360
What is -2335423 (base 10) in base 9?
-4348534
Convert -312f5b (base 16) to base 4.
-30102331123
Convert 1115322 (base 6) to base 3.
2220002112
-100022223221 (base 4) to base 9
-7868462
553056 (base 8) to base 6
3552354
Convert 2600945 (base 10) to base 9.
4803738
312212323 (base 4) to base 12
a9537
-c92b70 (base 13) to base 14
-8aba0d
Convert -620045 (base 7) to base 3.
-121002